lculate the remainder when 338642 is divided by 31.
29
What is the remainder when 15371 is divided by 18?
17
Calculate the remainder when 19991 is divided by 738.
65
What is the remainder when 165714 is divided by 115?
114
Calculate the remainder when 2706 is divided by 11.
0
What is the remainder when 97398 is divided by 805?
798
Calculate the remainder when 7890749 is divided by 350.
349
Calculate the remainder when 8638 is divided by 1727.
3
What is the remainder when 6805 is divided by 828?
181
What is the remainder when 1993 is divided by 12?
1
What is the remainder when 25694 is divided by 151?
24
Calculate the remainder when 1446 is divided by 1138.
308
Calculate the remainder when 6549 is divided by 95.
89
What is the remainder when 4941 is divided by 261?
243
What is the remainder when 59965 is divided by 47?
40
Calculate the remainder when 19295 is divided by 2404.
63
What is the remainder when 6926 is divided by 322?
164
What is the remainder when 11639 is divided by 22?
1
What is the remainder when 12637 is divided by 10?
7
What is the remainder when 43192 is divided by 3599?
4
Calculate the remainder when 50849 is divided by 47.
42
Calculate the remainder when 121099 is divided by 106.
47
What is the remainder when 7592 is divided by 3777?
38
Calculate the remainder when 6816 is divided by 11.
7
What is the remainder when 21018 is divided by 5245?
38
What is the remainder when 66346 is divided by 502?
82
Calculate the remainder when 157977 is divided by 14.
1
What is the remainder when 166770 is divided by 246?
228
What is the remainder when 11308 is divided by 151?
134
What is the remainder when 818563 is divided by 1331?
1329
What is the remainder when 698 is divided by 161?
54
What is the remainder when 128757 is divided by 348?
345
Calculate the remainder when 32025 is divided by 3996.
57
What is the remainder when 13862 is divided by 23?
16
Calculate the remainder when 4351 is divided by 312.
295
What is the remainder when 1338 is divided by 1204?
134
What is the remainder when 3533 is divided by 1154?
71
What is the remainder when 75866 is divided by 135?
131
What is the remainder when 123538 is divided by 145?
143
What is the remainder when 33939 is divided by 5653?
21
What is the remainder when 43615 is divided by 469?
467
Calculate the remainder when 3692 is divided by 34.
20
Calculate the remainder when 5222 is divided by 142.
110
Calculate the remainder when 911478 is divided by 167.
159
What is the remainder when 21974 is divided by 4382?
64
Calculate the remainder when 2863951 is divided by 28.
27
What is the remainder when 11384 is divided by 299?
22
What is the remainder when 5248 is divided by 525?
523
What is the remainder when 296962 is divided by 41?
40
Calculate the remainder when 5519 is divided by 1725.
344
What is the remainder when 280695 is divided by 14?
9
Calculate the remainder when 1808 is divided by 256.
16
What is the remainder when 1628998 is divided by 360?
358
What is the remainder when 771896 is divided by 300?
296
What is the remainder when 7250 is divided by 3578?
94
What is the remainder when 7083 is divided by 104?
11
What is the remainder when 5915 is divided by 116?
115
Calculate the remainder when 61621 is divided by 807.
289
What is the remainder when 11472 is divided by 10282?
1190
What is the remainder when 227285 is divided by 238?
233
Calculate the remainder when 50321 is divided by 16770.
11
Calculate the remainder when 187285 is divided by 3405.
10
Calculate the remainder when 3786 is divided by 1859.
68
What is the remainder when 26125 is divided by 466?
29
What is the remainder when 7917 is divided by 2605?
102
What is the remainder when 744742 is divided by 39?
37
What is the remainder when 1521 is divided by 527?
467
What is the remainder when 45303 is divided by 5?
3
What is the remainder when 31115 is divided by 526?
81
What is the remainder when 6790 is divided by 58?
4
Calculate the remainder when 18911 is divided by 12.
11
What is the remainder when 12859 is divided by 2192?
1899
What is the remainder when 896735 is divided by 271?
267
Calculate the remainder when 136780 is divided by 68340.
100
Calculate the remainder when 125279 is divided by 290.
289
What is the remainder when 6646 is divided by 16?
6
What is the remainder when 73742 is divided by 7370?
42
Calculate the remainder when 73333 is divided by 33.
7
Calculate the remainder when 3111 is divided by 95.
71
What is the remainder when 2788 is divided by 863?
199
What is the remainder when 21066 is divided by 325?
266
Calculate the remainder when 7594 is divided by 996.
622
Calculate the remainder when 75786 is divided by 27.
24
Calculate the remainder when 2218 is divided by 693.
139
Calculate the remainder when 1965 is divided by 22.
7
Calculate the remainder when 1445 is divided by 533.
379
What is the remainder when 43500 is divided by 5436?
12
What is the remainder when 7487 is divided by 622?
23
Calculate the remainder when 899968 is divided by 151.
8
Calculate the remainder when 10409 is divided by 938.
91
What is the remainder when 504668 is divided by 1511?
1505
Calculate the remainder when 79397 is divided by 749.
3
What is the remainder when 1373 is divided by 72?
5
What is the remainder when 2341 is divided by 98?
87
What is the remainder when 1516 is divided by 112?
60
Calculate the remainder when 15153 is divided by 275.
28
Calculate the remainder when 1075593 is divided by 527.
513
What is the remainder when 19687 is divided by 107?
106
Calculate the remainder when 5441 is divided by 772.
37
Calculate the remainder when 55948 is divided by 9323.
10
What is the remainder when 10960 is divided by 343?
327
Calculate the remainder when 2715 is divided by 270.
15
Calculate the remainder when 2877 is divided by 223.
201
Calculate the remainder when 3327 is divided by 355.
132
What is the remainder when 1596 is divided by 272?
236
Calculate the remainder when 76249 is divided by 246.
235
Calculate the remainder when 63057 is divided by 67.
10
Calculate the remainder when 754 is divided by 657.
97
What is the remainder when 162082 is divided by 9?
1
What is the remainder when 689 is divided by 643?
46
What is the remainder when 95650 is divided by 4?
2
What is the remainder when 73351 is divided by 2291?
39
What is the remainder when 3377 is divided by 1682?
13
Calculate the remainder when 21955 is divided by 38.
29
Calculate the remainder when 31765 is divided by 90.
85
What is the remainder when 3836 is divided by 1278?
2
Calculate the remainder when 1645 is divided by 301.
140
Calculate the remainder when 26976 is divided by 2062.
170
Calculate the remainder when 176625 is divided by 22077.
9
What is the remainder when 5712 is divided by 2566?
580
What is the remainder when 43928 is divided by 7?
3
Calculate the remainder when 528884 is divided by 219.
218
What is the remainder when 2922 is divided by 283?
92
What is the remainder when 26887 is divided by 109?
73
What is the remainder when 1759 is divided by 49?
44
What is the remainder when 281155 is divided by 142?
137
Calculate the remainder when 141624 is divided by 70779.
66
What is the remainder when 2370 is divided by 25?
20
What is the remainder when 55592 is divided by 243?
188
Calculate the remainder when 1567 is divided by 1277.
290
What is the remainder when 35835 is divided by 35?
30
What is the remainder when 25687 is divided by 367?
364
What is the remainder when 5930 is divided by 192?
170
What is the remainder when 43512 is divided by 85?
77
Calculate the remainder when 65151 is divided by 6.
3
What is the remainder when 7372 is divided by 64?
12
What is the remainder when 3500 is divided by 1708?
84
Calculate the remainder when 1144642 is divided by 796.
790
Calculate the remainder when 309931 is divided by 587.
582
Calculate the remainder when 699866 is divided by 9.
8
What is the remainder when 11919 is divided by 655?
129
What is the remainder when 10043 is divided by 1430?
33
Calculate the remainder when 65442 is divided by 1109.
11
Calculate the remainder when 520 is divided by 252.
16
What is the remainder when 109364 is divided by 126?
122
Calculate the remainder when 42802 is divided by 8558.
12
Calculate the remainder when 1